{"id":49,"date":"2023-05-19T21:48:38","date_gmt":"2023-05-19T19:48:38","guid":{"rendered":"https:\/\/gescher-dyk-schule.de\/?page_id=49"},"modified":"2025-12-08T15:12:03","modified_gmt":"2025-12-08T14:12:03","slug":"hausmeister","status":"publish","type":"page","link":"https:\/\/gescher-dyk-schule.de\/index.php\/hausmeister\/","title":{"rendered":"Hausmeister"},"content":{"rendered":"\n<p class=\"has-medium-font-size\"><strong>Walter K\u00f6ning und Florian Fischer<\/strong><\/p>\n\n\n\n<p>Die Hausmeister der Gescher-Dyk-Schule sind Walter K\u00f6ning und Florian Fischer.<\/p>\n\n\n\n<p>Sie sind zu den Kernunterrichtszeiten und zus\u00e4tzlich montag- und mittwochnachmittags in der Schule anzutreffen.&nbsp;Au\u00dferdem erreichen Sie die Hausmeister unter folgenden Rufnummern: <\/p>\n\n\n\n<p class=\"has-text-align-left\"><\/p>\n\n\n\n<figure class=\"wp-block-table is-style-stripes\"><table><tbody><tr><td>Herr K\u00f6ning<\/td><td>0176 18703059<\/td><\/tr><tr><td>Herr Fischer <\/td><td>0157 85556393<\/td><\/tr><\/tbody><\/table><\/figure>\n","protected":false},"excerpt":{"rendered":"<p>Walter K\u00f6ning und Florian Fischer Die Hausmeister der Gescher-Dyk-Schule sind Walter K\u00f6ning und Florian Fischer. Sie sind zu den Kernunterrichtszeiten und zus\u00e4tzlich montag- und mittwochnachmittags in der Schule anzutreffen.&nbsp;Au\u00dferdem erreichen Sie die Hausmeister unter folgenden Rufnummern: Herr K\u00f6ning 0176 18703059 &hellip; <\/p>\n","protected":false},"author":2,"featured_media":0,"parent":0,"menu_order":0,"comment_status":"closed","ping_status":"closed","template":"","meta":{"footnotes":""},"class_list":["post-49","page","type-page","status-publish","hentry"],"_links":{"self":[{"href":"https:\/\/gescher-dyk-schule.de\/index.php\/wp-json\/wp\/v2\/pages\/49","targetHints":{"allow":["GET"]}}],"collection":[{"href":"https:\/\/gescher-dyk-schule.de\/index.php\/wp-json\/wp\/v2\/pages"}],"about":[{"href":"https:\/\/gescher-dyk-schule.de\/index.php\/wp-json\/wp\/v2\/types\/page"}],"author":[{"embeddable":true,"href":"https:\/\/gescher-dyk-schule.de\/index.php\/wp-json\/wp\/v2\/users\/2"}],"replies":[{"embeddable":true,"href":"https:\/\/gescher-dyk-schule.de\/index.php\/wp-json\/wp\/v2\/comments?post=49"}],"version-history":[{"count":8,"href":"https:\/\/gescher-dyk-schule.de\/index.php\/wp-json\/wp\/v2\/pages\/49\/revisions"}],"predecessor-version":[{"id":503,"href":"https:\/\/gescher-dyk-schule.de\/index.php\/wp-json\/wp\/v2\/pages\/49\/revisions\/503"}],"wp:attachment":[{"href":"https:\/\/gescher-dyk-schule.de\/index.php\/wp-json\/wp\/v2\/media?parent=49"}],"curies":[{"name":"wp","href":"https:\/\/api.w.org\/{rel}","templated":true}]}}