{"id":37,"date":"2023-05-19T07:56:45","date_gmt":"2023-05-19T05:56:45","guid":{"rendered":"https:\/\/gescher-dyk-schule.de\/?page_id=37"},"modified":"2026-03-13T10:58:35","modified_gmt":"2026-03-13T09:58:35","slug":"kollegium","status":"publish","type":"page","link":"https:\/\/gescher-dyk-schule.de\/index.php\/kollegium\/","title":{"rendered":"Kollegium"},"content":{"rendered":"\n<p class=\"has-medium-font-size\"><strong>Schuljahr 2025\/26<\/strong><\/p>\n\n\n\n<figure class=\"wp-block-table is-style-stripes\"><table><tbody><tr><td><strong>Klasse<\/strong><\/td><td><strong>Lehrperson<\/strong><\/td><td><strong>Sch\u00fclerinnen und Sch\u00fcler<\/strong><\/td><\/tr><tr><td>1a<\/td><td>Frau Fehmer<\/td><td>21<\/td><\/tr><tr><td>1b<\/td><td>Frau Exner<\/td><td>20<\/td><\/tr><tr><td>1c<\/td><td>Frau Herdering<\/td><td>20<\/td><\/tr><tr><td>2a<\/td><td>Frau Schwietering<\/td><td>19<\/td><\/tr><tr><td>2b<\/td><td>Frau Sicking-Reers<\/td><td>21<\/td><\/tr><tr><td>2c<\/td><td>Frau Schaten<\/td><td>19<\/td><\/tr><tr><td>3a<\/td><td>Frau Sendfeld<\/td><td>27<\/td><\/tr><tr><td>3b<\/td><td>Frau Rohls<\/td><td>25<\/td><\/tr><tr><td>4a<\/td><td>Frau H\u00f6lscher<\/td><td>22<\/td><\/tr><tr><td>4b<\/td><td>Frau Holbein<\/td><td>21<\/td><\/tr><\/tbody><\/table><\/figure>\n\n\n\n<p>Zu unserem Team geh\u00f6ren au\u00dferdem Frau B\u00e4umer, Frau Jansing, Frau Wernsing, Frau Wissen, Frau Schwack, unser Sonderp\u00e4dagoge Herr Terh\u00fcrne sowie unsere sozialp\u00e4dagogische Fachkraft Frau Efting.<\/p>\n\n\n\n<p><\/p>\n\n\n\n<p class=\"has-medium-font-size\"><strong>Sprechzeiten der Lehrerinnen und Lehrer im Schuljahr 2025\/26<\/strong><\/p>\n\n\n\n<p>Alle Sprechstunden finden nach Vereinbarung statt. Bitte melden Sie sich daher zuvor zu den Sprechstunden an.<\/p>\n\n\n\n<figure class=\"wp-block-table is-style-stripes\"><table><tbody><tr><td>Frau Fehmer<\/td><td>Donnerstag, 12:45 &#8211; 13:35 Uhr<\/td><\/tr><tr><td>Frau Exner<\/td><td>Mittwoch, 13:35 &#8211; 14:20 Uhr<\/td><\/tr><tr><td>Frau Herdering<\/td><td>Dienstag, 13:35 &#8211; 14:20 Uhr<\/td><\/tr><tr><td>Frau Schwietering<\/td><td>Mittwoch, 12:00 &#8211; 12:45 Uhr<\/td><\/tr><tr><td>Frau Sicking-Reers<\/td><td>Montag, 12:00 &#8211; 12:45 Uhr<\/td><\/tr><tr><td>Frau Schaten<\/td><td>Montag, 11:00 &#8211; 12:00 Uhr<\/td><\/tr><tr><td>Frau Sendfeld<\/td><td>Freitag, 12:00 &#8211; 12:45 Uhr<\/td><\/tr><tr><td>Frau Rohls<\/td><td>Montag, 11:00 &#8211; 11:50 Uhr<\/td><\/tr><tr><td>Frau H\u00f6lscher<\/td><td>Mittwoch, 12:45 &#8211; 13:35 Uhr<\/td><\/tr><tr><td>Frau Holbein<\/td><td>Mittwoch, 12:45 &#8211; 13:35 Uhr<\/td><\/tr><tr><td>Frau Wernsing<\/td><td>Freitag, 12:00 &#8211; 13:00 Uhr<\/td><\/tr><tr><td>Frau B\u00e4umer<\/td><td>Montag, 09:00 &#8211; 09:50 Uhr<\/td><\/tr><tr><td>Herr Terh\u00fcrne<\/td><td>Donnerstag, 12:00 &#8211; 12:45 Uhr<\/td><\/tr><tr><td>Frau Efting<\/td><td>Donnerstag, 12:45 &#8211; 13:35 Uhr<\/td><\/tr><tr><td>Frau Wissen<\/td><td>Dienstag, 09:00 &#8211; 09:50 Uhr<\/td><\/tr><tr><td>Herr Puthen<\/td><td>Montag, 13:00 &#8211; 14:00 Uhr<\/td><\/tr><\/tbody><\/table><\/figure>\n\n\n\n<p><\/p>\n","protected":false},"excerpt":{"rendered":"<p>Schuljahr 2025\/26 Klasse Lehrperson Sch\u00fclerinnen und Sch\u00fcler 1a Frau Fehmer 21 1b Frau Exner 20 1c Frau Herdering 20 2a Frau Schwietering 19 2b Frau Sicking-Reers 21 2c Frau Schaten 19 3a Frau Sendfeld 27 3b Frau Rohls 25 4a &hellip; <\/p>\n","protected":false},"author":2,"featured_media":0,"parent":0,"menu_order":0,"comment_status":"closed","ping_status":"closed","template":"","meta":{"footnotes":""},"class_list":["post-37","page","type-page","status-publish","hentry"],"_links":{"self":[{"href":"https:\/\/gescher-dyk-schule.de\/index.php\/wp-json\/wp\/v2\/pages\/37","targetHints":{"allow":["GET"]}}],"collection":[{"href":"https:\/\/gescher-dyk-schule.de\/index.php\/wp-json\/wp\/v2\/pages"}],"about":[{"href":"https:\/\/gescher-dyk-schule.de\/index.php\/wp-json\/wp\/v2\/types\/page"}],"author":[{"embeddable":true,"href":"https:\/\/gescher-dyk-schule.de\/index.php\/wp-json\/wp\/v2\/users\/2"}],"replies":[{"embeddable":true,"href":"https:\/\/gescher-dyk-schule.de\/index.php\/wp-json\/wp\/v2\/comments?post=37"}],"version-history":[{"count":17,"href":"https:\/\/gescher-dyk-schule.de\/index.php\/wp-json\/wp\/v2\/pages\/37\/revisions"}],"predecessor-version":[{"id":517,"href":"https:\/\/gescher-dyk-schule.de\/index.php\/wp-json\/wp\/v2\/pages\/37\/revisions\/517"}],"wp:attachment":[{"href":"https:\/\/gescher-dyk-schule.de\/index.php\/wp-json\/wp\/v2\/media?parent=37"}],"curies":[{"name":"wp","href":"https:\/\/api.w.org\/{rel}","templated":true}]}}