{"id":28,"date":"2023-05-19T07:14:38","date_gmt":"2023-05-19T05:14:38","guid":{"rendered":"https:\/\/gescher-dyk-schule.de\/?page_id=28"},"modified":"2023-05-19T07:14:39","modified_gmt":"2023-05-19T05:14:39","slug":"wir-ueber-uns","status":"publish","type":"page","link":"https:\/\/gescher-dyk-schule.de\/index.php\/wir-ueber-uns\/","title":{"rendered":"Wir \u00fcber uns"},"content":{"rendered":"\n<p>Die Gescher-Dyk-Schule ist eine der vier Grundschulen der Stadt Stadtlohn. Aktuell gehen ca. 209 Sch\u00fclerinnen und Sch\u00fcler bei uns zur Schule und werden von 12 Lehrerinnen und Lehrern unterrichtet und gef\u00f6rdert.<\/p>\n","protected":false},"excerpt":{"rendered":"<p>Die Gescher-Dyk-Schule ist eine der vier Grundschulen der Stadt Stadtlohn. Aktuell gehen ca. 209 Sch\u00fclerinnen und Sch\u00fcler bei uns zur Schule und werden von 12 Lehrerinnen und Lehrern unterrichtet und gef\u00f6rdert.<\/p>\n","protected":false},"author":2,"featured_media":0,"parent":0,"menu_order":0,"comment_status":"closed","ping_status":"closed","template":"","meta":{"footnotes":""},"class_list":["post-28","page","type-page","status-publish","hentry"],"_links":{"self":[{"href":"https:\/\/gescher-dyk-schule.de\/index.php\/wp-json\/wp\/v2\/pages\/28","targetHints":{"allow":["GET"]}}],"collection":[{"href":"https:\/\/gescher-dyk-schule.de\/index.php\/wp-json\/wp\/v2\/pages"}],"about":[{"href":"https:\/\/gescher-dyk-schule.de\/index.php\/wp-json\/wp\/v2\/types\/page"}],"author":[{"embeddable":true,"href":"https:\/\/gescher-dyk-schule.de\/index.php\/wp-json\/wp\/v2\/users\/2"}],"replies":[{"embeddable":true,"href":"https:\/\/gescher-dyk-schule.de\/index.php\/wp-json\/wp\/v2\/comments?post=28"}],"version-history":[{"count":1,"href":"https:\/\/gescher-dyk-schule.de\/index.php\/wp-json\/wp\/v2\/pages\/28\/revisions"}],"predecessor-version":[{"id":29,"href":"https:\/\/gescher-dyk-schule.de\/index.php\/wp-json\/wp\/v2\/pages\/28\/revisions\/29"}],"wp:attachment":[{"href":"https:\/\/gescher-dyk-schule.de\/index.php\/wp-json\/wp\/v2\/media?parent=28"}],"curies":[{"name":"wp","href":"https:\/\/api.w.org\/{rel}","templated":true}]}}