{"id":109,"date":"2023-06-10T19:02:46","date_gmt":"2023-06-10T17:02:46","guid":{"rendered":"https:\/\/gescher-dyk-schule.de\/?page_id=109"},"modified":"2026-04-11T16:29:31","modified_gmt":"2026-04-11T14:29:31","slug":"willkommen-auf-der-homepage-der-gescher-dyk-schule","status":"publish","type":"page","link":"https:\/\/gescher-dyk-schule.de\/","title":{"rendered":""},"content":{"rendered":"\n<h4 class=\"wp-block-heading has-text-align-center has-pale-pink-color has-text-color\" style=\"font-size:31px;font-style:normal;font-weight:800;text-transform:none\">Willkommen auf der Homepage der Gescher-Dyk-Schule<\/h4>\n\n\n\n<p>&nbsp;<\/p>\n\n\n<div class=\"wp-block-image is-style-default\">\n<figure class=\"aligncenter size-large\"><img loading=\"lazy\" decoding=\"async\" width=\"1024\" height=\"235\" src=\"https:\/\/gescher-dyk-schule.de\/wp-content\/uploads\/2023\/05\/IMG_2527-scaled-e1686418857335-1024x235.jpeg\" alt=\"\" class=\"wp-image-104\" srcset=\"https:\/\/gescher-dyk-schule.de\/wp-content\/uploads\/2023\/05\/IMG_2527-scaled-e1686418857335-1024x235.jpeg 1024w, https:\/\/gescher-dyk-schule.de\/wp-content\/uploads\/2023\/05\/IMG_2527-scaled-e1686418857335-300x69.jpeg 300w, https:\/\/gescher-dyk-schule.de\/wp-content\/uploads\/2023\/05\/IMG_2527-scaled-e1686418857335-768x176.jpeg 768w, https:\/\/gescher-dyk-schule.de\/wp-content\/uploads\/2023\/05\/IMG_2527-scaled-e1686418857335-1536x353.jpeg 1536w, https:\/\/gescher-dyk-schule.de\/wp-content\/uploads\/2023\/05\/IMG_2527-scaled-e1686418857335-2048x470.jpeg 2048w\" sizes=\"auto, (max-width: 1024px) 100vw, 1024px\" \/><\/figure>\n<\/div>\n\n\n<p>&nbsp;<\/p>\n\n\n\n<p>Mit unserer Homepage m\u00f6chten wir allen, die sich f\u00fcr unsere Schule interessieren, Gelegenheit geben, sich \u00fcber das Lernen und Leben an der Gescher-Dyk-Schule zu informieren.<\/p>\n\n\n\n<p>Das engagierte Team unserer Schule m\u00f6chte gemeinsam mit den Eltern und allen, die an Schule und Schulleben beteiligt sind, f\u00fcr Kinder eine Schule gestalten, die ein offenes Haus zum Lernen und Leben ist, in das alle Menschen gerne kommen.<\/p>\n\n\n<h4 class=\"wp-block-heading\">Aktuelles<\/h4>\n\n\n<div class=\"wp-block-group\"><div class=\"wp-block-group__inner-container is-layout-constrained wp-block-group-is-layout-constrained\"><\/div><\/div>\n\n\n\n<p class=\"has-luminous-vivid-amber-background-color has-background\">13.03.2026<br><br>Herzliche Einladung zur <strong>Stauden- und Fahrradb\u00f6rse<\/strong> mit <strong>Tr\u00f6delmarkt<\/strong>! <br>Wir freuen und auf viele Besucher am <strong>25.04.2026<\/strong> von<strong> 10.00 bis 14.00 Uhr<\/strong> auf unserem Schulgel\u00e4nde. <br><br>Das Programm: <br>&#8211; Verkauf von Gartenstauden<br>&#8211; Verkauf von Garten- und Betondekor<br>&#8211; Cafeteria und Grillstand<br>&#8211; gro\u00dfer Kinderflohmarkt in der Turnhalle<br>&#8211; 12.00 Uhr: Musikalische Auff\u00fchrung einiger Klassen<br><br>Unser herzlicher Dank geht an den F\u00f6rderverein f\u00fcr die Organisation dieser beliebten Traditionsveranstaltung!<br><\/p>\n\n\n\n<p class=\"has-cyan-bluish-gray-background-color has-background\">11.07.2025<br><br>Im n\u00e4chsten Schuljahr freuen wir uns \u00fcber drei 1. Klassen mit folgenden Klassenleitungen.<br><br>Klasse 1a: Frau Fehmer<br>Klasse 1b: Frau Exner<br>Klasse 1c: Frau Herdering<br><br>Die Eltern der neuen Erstkl\u00e4ssler erinnern wir freundlich an die Abgabe der Einverst\u00e4ndniserkl\u00e4rung f\u00fcr die Ver\u00f6ffentlichung der Klassenfotos in der M\u00fcnsterland Zeitung.<br><br>Wir w\u00fcnschen allen Kindern und Eltern unserer Schule sch\u00f6ne, sonnige und erholsame Sommerferien.<br><br>Das Team der Gescher-Dyk-Schule<br><\/p>\n\n\n\n<div class=\"wp-block-media-text is-stacked-on-mobile\" style=\"grid-template-columns:41% auto\"><figure class=\"wp-block-media-text__media\"><img loading=\"lazy\" decoding=\"async\" width=\"1024\" height=\"584\" src=\"https:\/\/gescher-dyk-schule.de\/wp-content\/uploads\/2025\/05\/P1090474-scaled-e1746787640640-1024x584.jpg\" alt=\"\" class=\"wp-image-468 size-full\" srcset=\"https:\/\/gescher-dyk-schule.de\/wp-content\/uploads\/2025\/05\/P1090474-scaled-e1746787640640-1024x584.jpg 1024w, https:\/\/gescher-dyk-schule.de\/wp-content\/uploads\/2025\/05\/P1090474-scaled-e1746787640640-300x171.jpg 300w, https:\/\/gescher-dyk-schule.de\/wp-content\/uploads\/2025\/05\/P1090474-scaled-e1746787640640-768x438.jpg 768w, https:\/\/gescher-dyk-schule.de\/wp-content\/uploads\/2025\/05\/P1090474-scaled-e1746787640640-1536x876.jpg 1536w, https:\/\/gescher-dyk-schule.de\/wp-content\/uploads\/2025\/05\/P1090474-scaled-e1746787640640-2048x1168.jpg 2048w, https:\/\/gescher-dyk-schule.de\/wp-content\/uploads\/2025\/05\/P1090474-scaled-e1746787640640-832x475.jpg 832w\" sizes=\"auto, (max-width: 1024px) 100vw, 1024px\" \/><\/figure><div class=\"wp-block-media-text__content\">\n<p>09.05.2025<\/p>\n\n\n\n<p><strong>Schwimmwettkampf<\/strong><\/p>\n\n\n\n<p>Am 29.04.25 traten die schnellsten Schwimmerinnen und Schwimmer der GDS erfolgreich beim Schwimmfest der Grundschulen an. Besonders jubeln durften die Sch\u00fclerinnen aus dem 3. Schuljahr. Sie setzten sich erfolgreich gegen die anderen Schulen durch und wurden f\u00fcr ihren Sieg mit einer Medaille und einem Pokal geehrt.<\/p>\n<\/div><\/div>\n\n\n\n<p class=\"has-pale-cyan-blue-background-color has-background\">18.03.2025<br><br><strong><mark style=\"background-color:rgba(0, 0, 0, 0)\" class=\"has-inline-color has-luminous-vivid-orange-color\">Die Maus<\/mark><\/strong><br><mark style=\"background-color:rgba(0, 0, 0, 0)\" class=\"has-inline-color has-luminous-vivid-orange-color\">WDR 5 &#8211; Radio<\/mark><br><br><a href=\"https:\/\/www.wdrmaus.de\/hoeren\/MausKlasse\/Gescher-Dyk-Schule-Stadtlohn.php5\" target=\"_blank\" rel=\"noreferrer noopener\">https:\/\/www.wdrmaus.de\/hoeren\/MausKlasse\/Gescher-Dyk-Schule-Stadtlohn.php5<\/a><br><br>Wir sind in dieser Woche Mausklasse.<br>Wir freuen uns auf viele Zuh\u00f6rer\/innen.<br><br><strong>Die Klasse 4c<\/strong><\/p>\n\n\n\n<div class=\"wp-block-media-text has-media-on-the-right is-stacked-on-mobile\" style=\"grid-template-columns:auto 44%\"><div class=\"wp-block-media-text__content\">\n<p>01.03.2025<\/p>\n\n\n\n<p><strong>Mein K\u00f6rper geh\u00f6rt mir<\/strong><\/p>\n\n\n\n<p>Die Kinder der 3. und 4. Klassen nahmen an dem Pr\u00e4ventionsprogramm &#8218;Mein K\u00f6rper geh\u00f6rt mir&#8216; teil. Gemeinsam mit den P\u00e4dagogen der Theaterp\u00e4dagogischen Werkstatt Osnabr\u00fcck sangen die Kinder den &#8218;K\u00f6rpersong&#8216;, lernten auf ihr Nein-Gef\u00fchl zu h\u00f6ren und erhielten praktische Strategien, wie sie sich in unsicheren Situation verhalten k\u00f6nnen.<\/p>\n<\/div><figure class=\"wp-block-media-text__media\"><img loading=\"lazy\" decoding=\"async\" width=\"1024\" height=\"897\" src=\"https:\/\/gescher-dyk-schule.de\/wp-content\/uploads\/2025\/03\/P1270367-scaled-e1740848386877-1024x897.jpg\" alt=\"\" class=\"wp-image-440 size-full\" srcset=\"https:\/\/gescher-dyk-schule.de\/wp-content\/uploads\/2025\/03\/P1270367-scaled-e1740848386877-1024x897.jpg 1024w, https:\/\/gescher-dyk-schule.de\/wp-content\/uploads\/2025\/03\/P1270367-scaled-e1740848386877-300x263.jpg 300w, https:\/\/gescher-dyk-schule.de\/wp-content\/uploads\/2025\/03\/P1270367-scaled-e1740848386877-768x673.jpg 768w, https:\/\/gescher-dyk-schule.de\/wp-content\/uploads\/2025\/03\/P1270367-scaled-e1740848386877-1536x1346.jpg 1536w, https:\/\/gescher-dyk-schule.de\/wp-content\/uploads\/2025\/03\/P1270367-scaled-e1740848386877.jpg 1860w\" sizes=\"auto, (max-width: 1024px) 100vw, 1024px\" \/><\/figure><\/div>\n\n\n\n<p><\/p>\n\n\n\n<p class=\"has-light-green-cyan-background-color has-background\">27.09.2024<br><br><strong>Termin\u00e4nderung<\/strong><br>Die Schulanmeldung findet am 13.11. und der Einschulungsparcours am 20.11.2024 statt.<\/p>\n\n\n\n<p class=\"has-electric-grass-gradient-background has-background\">08.07.2024<br><br>Wir w\u00fcnschen allen Kindern und ihren Familien sch\u00f6ne und erholsame Sommerferien.<\/p>\n\n\n\n<div class=\"wp-block-media-text has-media-on-the-right is-stacked-on-mobile\"><div class=\"wp-block-media-text__content\">\n<p>05.07.2024<br><br><strong>Ausflug zum Frankenhof<\/strong><\/p>\n\n\n\n<p>Zum Abschluss des Schuljahres verbrachten alle Kinder und Lehrkr\u00e4fte einen tollen Tag im Frankenhof.<br><br>Ein herzliches Dankesch\u00f6n geht an unseren F\u00f6rderverein, der diesen Ausflug unterst\u00fctzt hat.<\/p>\n\n\n\n<p><\/p>\n\n\n\n<p><\/p>\n\n\n\n<p><\/p>\n<\/div><figure class=\"wp-block-media-text__media\"><img loading=\"lazy\" decoding=\"async\" width=\"1024\" height=\"636\" src=\"https:\/\/gescher-dyk-schule.de\/wp-content\/uploads\/2024\/07\/P1260859-scaled-e1720419013800-1024x636.jpg\" alt=\"\" class=\"wp-image-383 size-full\" srcset=\"https:\/\/gescher-dyk-schule.de\/wp-content\/uploads\/2024\/07\/P1260859-scaled-e1720419013800-1024x636.jpg 1024w, https:\/\/gescher-dyk-schule.de\/wp-content\/uploads\/2024\/07\/P1260859-scaled-e1720419013800-300x186.jpg 300w, https:\/\/gescher-dyk-schule.de\/wp-content\/uploads\/2024\/07\/P1260859-scaled-e1720419013800-768x477.jpg 768w, https:\/\/gescher-dyk-schule.de\/wp-content\/uploads\/2024\/07\/P1260859-scaled-e1720419013800-1536x955.jpg 1536w, https:\/\/gescher-dyk-schule.de\/wp-content\/uploads\/2024\/07\/P1260859-scaled-e1720419013800-2048x1273.jpg 2048w\" sizes=\"auto, (max-width: 1024px) 100vw, 1024px\" \/><\/figure><\/div>\n\n\n\n<p class=\"has-luminous-vivid-amber-background-color has-background\"><strong>Wir freuen uns dar\u00fcber im n\u00e4chsten Schuljahr drei neue 1. Klassen mit folgenden Klassenleitungen zu bilden:<\/strong><br> <br>Klasse 1a &#8211; Frau Sabine Schwietering<br>Klasse 1b &#8211; Frau Claudia Sicking-Reers<br>Klasse 1c &#8211; Frau Anne Kessels<br><br>Der Elternabend findet wie angek\u00fcndigt am <strong>Dienstag, 25.06.24 um 19:30 Uhr<\/strong> in der Schule statt.<\/p>\n\n\n\n<div class=\"wp-block-media-text has-media-on-the-right is-stacked-on-mobile is-vertically-aligned-top\" style=\"grid-template-columns:auto 32%\"><div class=\"wp-block-media-text__content\">\n<p>29.11.2023<\/p>\n\n\n\n<p><strong>Handballtag an der GDS<\/strong><\/p>\n\n\n\n<figure class=\"wp-block-image size-large\"><img loading=\"lazy\" decoding=\"async\" width=\"1024\" height=\"452\" src=\"https:\/\/gescher-dyk-schule.de\/wp-content\/uploads\/2023\/11\/IMG_0821-1024x452.jpeg\" alt=\"\" class=\"wp-image-341\" srcset=\"https:\/\/gescher-dyk-schule.de\/wp-content\/uploads\/2023\/11\/IMG_0821-1024x452.jpeg 1024w, https:\/\/gescher-dyk-schule.de\/wp-content\/uploads\/2023\/11\/IMG_0821-300x133.jpeg 300w, https:\/\/gescher-dyk-schule.de\/wp-content\/uploads\/2023\/11\/IMG_0821-768x339.jpeg 768w, https:\/\/gescher-dyk-schule.de\/wp-content\/uploads\/2023\/11\/IMG_0821-1536x678.jpeg 1536w, https:\/\/gescher-dyk-schule.de\/wp-content\/uploads\/2023\/11\/IMG_0821-2048x905.jpeg 2048w\" sizes=\"auto, (max-width: 1024px) 100vw, 1024px\" \/><\/figure>\n<\/div><figure class=\"wp-block-media-text__media\"><img loading=\"lazy\" decoding=\"async\" width=\"816\" height=\"1024\" src=\"https:\/\/gescher-dyk-schule.de\/wp-content\/uploads\/2023\/11\/781e5235-5aa4-4dc4-af02-a506d99ebdce-e1701255879134-816x1024.jpeg\" alt=\"\" class=\"wp-image-342 size-full\" srcset=\"https:\/\/gescher-dyk-schule.de\/wp-content\/uploads\/2023\/11\/781e5235-5aa4-4dc4-af02-a506d99ebdce-e1701255879134-816x1024.jpeg 816w, https:\/\/gescher-dyk-schule.de\/wp-content\/uploads\/2023\/11\/781e5235-5aa4-4dc4-af02-a506d99ebdce-e1701255879134-239x300.jpeg 239w, https:\/\/gescher-dyk-schule.de\/wp-content\/uploads\/2023\/11\/781e5235-5aa4-4dc4-af02-a506d99ebdce-e1701255879134-768x964.jpeg 768w, https:\/\/gescher-dyk-schule.de\/wp-content\/uploads\/2023\/11\/781e5235-5aa4-4dc4-af02-a506d99ebdce-e1701255879134.jpeg 1126w\" sizes=\"auto, (max-width: 816px) 100vw, 816px\" \/><\/figure><\/div>\n\n\n\n<p class=\"has-luminous-vivid-orange-background-color has-background\">Am 10.11.23 fand der vom Deutschen Handballbund initiierte Handballtag an unserer Schule  statt. In Kooperation mit der Handballabteilung des SUS Stadtlohn hatten 107 Kinder der 3. und 4. Klassen die Gelegenheit, das Handballspiel an vielen Stationen kennen zu lernen. Hier standen das Werfen, Fangen und  Prellen des Balles im Vordergrund. <br>Die Kinder zeigten so tolle Leistungen, dass alle Handballabzeichen in Bronze, Silber und Gold erwerben konnten. Unter der Leitung von Schulleiter und Trainer Oliver Puthen und tatkr\u00e4ftig unterst\u00fctzt von den SUS-Trainerinnen Bettina D\u00f6rdelmann und Anna Heming gefiel den Kindern besonders auch das abschlie\u00dfende Handballspiel, in dem gleichzeitig zwei mal zwei Teams zu je 5 Kindern das Gelernte mit viel Begeisterung einbringen konnten. <br>Ein gro\u00dfes Dankesch\u00f6n geht an die beiden SUS-Trainerinnen, ohne die dieser tolle Handballtag nicht m\u00f6glich gewesen w\u00e4re.<\/p>\n\n\n\n<p class=\"has-pale-cyan-blue-background-color has-background\" style=\"font-style:normal;font-weight:400\">06.09.2023<br><strong><br>Der aktualisierte Terminplaner steht nun bereit.<\/strong><\/p>\n\n\n\n<div class=\"wp-block-columns is-layout-flex wp-container-core-columns-is-layout-9d6595d7 wp-block-columns-is-layout-flex\">\n<div class=\"wp-block-column is-layout-flow wp-block-column-is-layout-flow\">\n<p class=\"has-light-green-cyan-background-color has-background\" style=\"font-style:normal;font-weight:400\">31.07.2023<br><br><strong>Info f\u00fcr die Eltern unserer neuen Erstkl\u00e4ssler<\/strong><br><br>Klassenlehrerin der Klasse 1a ist Frau Sendfeld. Die Klasse 1b \u00fcbernimmt Frau Pooschke. <br><br>Wir w\u00fcnschen besonders unseren Erstis einen guten Start.<\/p>\n<\/div>\n<\/div>\n\n\n\n<div class=\"wp-block-media-text alignwide is-stacked-on-mobile is-vertically-aligned-center has-background\" style=\"background-color:#f1f5c7\"><figure class=\"wp-block-media-text__media\"><img loading=\"lazy\" decoding=\"async\" width=\"1024\" height=\"642\" src=\"https:\/\/gescher-dyk-schule.de\/wp-content\/uploads\/2023\/06\/IMG_1801-e1687361666902-1024x642.jpeg\" alt=\"\" class=\"wp-image-277 size-full\" srcset=\"https:\/\/gescher-dyk-schule.de\/wp-content\/uploads\/2023\/06\/IMG_1801-e1687361666902-1024x642.jpeg 1024w, https:\/\/gescher-dyk-schule.de\/wp-content\/uploads\/2023\/06\/IMG_1801-e1687361666902-300x188.jpeg 300w, https:\/\/gescher-dyk-schule.de\/wp-content\/uploads\/2023\/06\/IMG_1801-e1687361666902-768x482.jpeg 768w, https:\/\/gescher-dyk-schule.de\/wp-content\/uploads\/2023\/06\/IMG_1801-e1687361666902-1536x964.jpeg 1536w, https:\/\/gescher-dyk-schule.de\/wp-content\/uploads\/2023\/06\/IMG_1801-e1687361666902-2048x1285.jpeg 2048w\" sizes=\"auto, (max-width: 1024px) 100vw, 1024px\" \/><\/figure><div class=\"wp-block-media-text__content\">\n<div class=\"wp-block-group\" style=\"padding-top:2em;padding-right:2em;padding-bottom:2em;padding-left:2em\"><div class=\"wp-block-group__inner-container is-layout-flow wp-block-group-is-layout-flow\">\n<p>21.06.2023<\/p>\n\n\n\n<p><strong>Am letzten Schultag spendierte der F\u00f6rderverein der GDS allen Kindern und Lehrkr\u00e4ften ein Eis.<\/strong><\/p>\n<\/div><\/div>\n<\/div><\/div>\n","protected":false},"excerpt":{"rendered":"<p>Willkommen auf der Homepage der Gescher-Dyk-Schule &nbsp; &nbsp; Mit unserer Homepage m\u00f6chten wir allen, die sich f\u00fcr unsere Schule interessieren, Gelegenheit geben, sich \u00fcber das Lernen und Leben an der Gescher-Dyk-Schule zu informieren. Das engagierte Team unserer Schule m\u00f6chte gemeinsam &hellip; <\/p>\n","protected":false},"author":2,"featured_media":0,"parent":0,"menu_order":0,"comment_status":"closed","ping_status":"closed","template":"template-home.php","meta":{"footnotes":""},"class_list":["post-109","page","type-page","status-publish","hentry"],"_links":{"self":[{"href":"https:\/\/gescher-dyk-schule.de\/index.php\/wp-json\/wp\/v2\/pages\/109","targetHints":{"allow":["GET"]}}],"collection":[{"href":"https:\/\/gescher-dyk-schule.de\/index.php\/wp-json\/wp\/v2\/pages"}],"about":[{"href":"https:\/\/gescher-dyk-schule.de\/index.php\/wp-json\/wp\/v2\/types\/page"}],"author":[{"embeddable":true,"href":"https:\/\/gescher-dyk-schule.de\/index.php\/wp-json\/wp\/v2\/users\/2"}],"replies":[{"embeddable":true,"href":"https:\/\/gescher-dyk-schule.de\/index.php\/wp-json\/wp\/v2\/comments?post=109"}],"version-history":[{"count":39,"href":"https:\/\/gescher-dyk-schule.de\/index.php\/wp-json\/wp\/v2\/pages\/109\/revisions"}],"predecessor-version":[{"id":526,"href":"https:\/\/gescher-dyk-schule.de\/index.php\/wp-json\/wp\/v2\/pages\/109\/revisions\/526"}],"wp:attachment":[{"href":"https:\/\/gescher-dyk-schule.de\/index.php\/wp-json\/wp\/v2\/media?parent=109"}],"curies":[{"name":"wp","href":"https:\/\/api.w.org\/{rel}","templated":true}]}}